{"id":906,"date":"2024-04-15T09:56:27","date_gmt":"2024-04-15T07:56:27","guid":{"rendered":"https:\/\/educandodeformasimple.com\/?page_id=906"},"modified":"2025-04-02T22:53:56","modified_gmt":"2025-04-02T20:53:56","slug":"educacion-respetuosa-creativa-para-madres-y-padres","status":"publish","type":"page","link":"https:\/\/educandodeformasimple.com\/?page_id=906","title":{"rendered":"Educaci\u00f3n Respetuosa Creativa: Un modelo de vida para acompa\u00f1ar y Educar con Amor Incondicional"},"content":{"rendered":"\n<h3 class=\"wp-block-heading has-black-color has-text-color has-link-color wp-elements-519121338cb26afc67da02082e81921f\">\u00bfQu\u00e9 es la Educaci\u00f3n Respetuosa Creativa?<\/h3>\n\n\n\n<p class=\"has-black-color has-text-color has-link-color wp-elements-646174aaee11ef6b9b7ac47a6af38c79\">La Educaci\u00f3n Respetuosa Creativa es el coraz\u00f3n de mi acompa\u00f1amiento y la esencia de todo lo que comparto con madres, padres y educadores. Este modelo nace de mi experiencia como madre, hija, terapeuta, investigadora de la neuroeducaci\u00f3n y del estudio de diversas pedagog\u00edas respetuosas. A trav\u00e9s de \u00e9l, ofrezco una mirada profunda y amorosa hacia la crianza y la educaci\u00f3n, donde el respeto, la comprensi\u00f3n y la creatividad son los pilares fundamentales.<\/p>\n\n\n\n<p class=\"has-black-color has-text-color has-link-color wp-elements-aad5b5c8fff3e0693b3e71819610c192\">En la Educaci\u00f3n Respetuosa Creativa entendemos la educaci\u00f3n como un proceso vital, anterior a la ense\u00f1anza. Creemos que cuando un ni\u00f1o se siente comprendido, respetado y guiado de manera amorosa, el aprendizaje florece de manera natural. En este camino, acompa\u00f1amos el desarrollo del ni\u00f1o sin imponer, sin forzar, sino facilitando espacios de exploraci\u00f3n, juego y seguridad emocional.<\/p>\n\n\n\n<p class=\"has-black-color has-text-color has-link-color wp-elements-42e1d5710d6db5d138c437ffd84a47e1\">Uno de los aspectos m\u00e1s poderosos de este modelo es su enfoque en la resoluci\u00f3n de conflictos y la aplicaci\u00f3n de los llamados \u00abl\u00edmites sin limitaciones\u00bb. Se trata de establecer l\u00edmites claros, amorosos y coherentes, que gu\u00eden sin herir y que fortalezcan el v\u00ednculo en lugar de debilitarlo. Muchas veces, el conflicto con nuestros hijos nos desaf\u00eda, pero con las herramientas adecuadas podemos convertir esos desaf\u00edos en oportunidades para crecer juntos.<\/p>\n\n\n\n<p class=\"has-black-color has-text-color has-link-color wp-elements-af447c7dd04b4f40703120cc5a1262c3\">Si resuena contigo esta forma de educar y criar, en mi acompa\u00f1amiento estrella, <em>Educar con Respeto<\/em>, te gu\u00edo paso a paso para integrar esta metodolog\u00eda en tu hogar. Aprender\u00e1s estrategias concretas, basadas en la neuroeducaci\u00f3n y en pedagog\u00edas respetuosas, para fortalecer la relaci\u00f3n con tus hijos y acompa\u00f1ar su desarrollo desde el respeto y la empat\u00eda.<\/p>\n\n\n\n<p class=\"has-black-color has-text-color has-link-color wp-elements-943863392a4961fc8d9712375ab8248f\">Te invito a descubrir c\u00f3mo la Educaci\u00f3n Respetuosa Creativa puede transformar la forma en que te relacionas con tus hijos y a dar el paso hacia una crianza en armon\u00eda. Escr\u00edbeme y conversemos sobre c\u00f3mo puedo acompa\u00f1arte en este hermoso camino.<\/p>\n\n\n\n<p class=\"has-black-color has-vivid-green-cyan-background-color has-text-color has-background has-link-color wp-elements-b761e3f267a3537a6fa54d33aead36cb\">Te guiar\u00e9 a trav\u00e9s de t\u00e9cnicas pr\u00e1cticas y ejercicios reflexivos que puedes aplicar de inmediato en tu vida familiar.<\/p>\n\n\n\n<h3 class=\"wp-block-heading\">\u00bfPor Qu\u00e9 Deber\u00edas Unirte a la Educaci\u00f3n Respetuosa Creativa?<\/h3>\n\n\n\n<p class=\"has-black-color has-text-color has-link-color wp-elements-66db8c6dc771bd5f990e1a70163052ce\">Al unirte, no solo estar\u00e1s invirtiendo en el bienestar emocional y el desarrollo integral de tus hijos\/as, sino que tambi\u00e9n estar\u00e1s creando una conexi\u00f3n profunda y significativa con ellos a trav\u00e9s de un v\u00ednculo extraordinario. Adem\u00e1s, te unir\u00e1s a una <em><a href=\"https:\/\/chat.whatsapp.com\/Lg3R1CzTG0LGhOipOT90SA\">comunidad de padres y madres comprometidos\/as con una crianza consciente y amorosa.<\/a><\/em><\/p>\n\n\n\n<h3 class=\"wp-block-heading has-black-color has-pale-pink-background-color has-text-color has-background has-link-color wp-elements-f95655735e6de140170e88e7da4c33d1\"><strong>\u00a1Reserva Tu Lugar Hoy!<\/strong><\/h3>\n\n\n\n<p class=\"has-black-color has-text-color has-link-color wp-elements-5b37d23f6278c1cfef0983f2184e6aa1\">\u00bfListo\/a para embarcarte en este emocionante viaje hacia una crianza m\u00e1s respetuosa y creativa? \u00a1Inscr\u00edbete ahora y asegura tu lugar en la Formaci\u00f3n en el acompa\u00f1amiento <strong><a href=\"https:\/\/educandodeformasimple.com\/?page_id=1330\" title=\"\">Educar con Respeto: Los 4TE para resolver conflictos y establecer l\u00edmites sin limitaciones<\/a><\/strong>! No te pierdas esta oportunidad de transformar tu familia y tu vida para mejor.<\/p>\n\n\n\n<p class=\"has-black-color has-pale-cyan-blue-background-color has-text-color has-background has-link-color has-medium-font-size wp-elements-1025b7b9f78680b2c305f8a907a69c9c\">M\u00e1s informaci\u00f3n y reservas, haz click en la imagen.<\/p>\n\n\n<div class=\"wp-block-image\">\n<figure class=\"aligncenter size-large\"><a href=\"https:\/\/chat.whatsapp.com\/FX9aKJVNNrFH0gQZFsV4dt\"><img loading=\"lazy\" decoding=\"async\" width=\"1024\" height=\"576\" src=\"https:\/\/educandodeformasimple.com\/wp-content\/uploads\/2024\/01\/Copia-de-Copia-de-Copia-de-Miniatura-Youtube-Ejercicio-llamativa-amarillo-Negro-1-1-1024x576.png\" alt=\"\" class=\"wp-image-265\" srcset=\"https:\/\/educandodeformasimple.com\/wp-content\/uploads\/2024\/01\/Copia-de-Copia-de-Copia-de-Miniatura-Youtube-Ejercicio-llamativa-amarillo-Negro-1-1-1024x576.png 1024w, https:\/\/educandodeformasimple.com\/wp-content\/uploads\/2024\/01\/Copia-de-Copia-de-Copia-de-Miniatura-Youtube-Ejercicio-llamativa-amarillo-Negro-1-1-300x169.png 300w, https:\/\/educandodeformasimple.com\/wp-content\/uploads\/2024\/01\/Copia-de-Copia-de-Copia-de-Miniatura-Youtube-Ejercicio-llamativa-amarillo-Negro-1-1-768x432.png 768w, https:\/\/educandodeformasimple.com\/wp-content\/uploads\/2024\/01\/Copia-de-Copia-de-Copia-de-Miniatura-Youtube-Ejercicio-llamativa-amarillo-Negro-1-1-107x60.png 107w, https:\/\/educandodeformasimple.com\/wp-content\/uploads\/2024\/01\/Copia-de-Copia-de-Copia-de-Miniatura-Youtube-Ejercicio-llamativa-amarillo-Negro-1-1.png 1280w\" sizes=\"auto, (max-width: 1024px) 100vw, 1024px\" \/><\/a><\/figure>\n<\/div>\n\n\n<p><em><strong><a href=\"https:\/\/www.instagram.com\/educandodeformasimple?igsh=MThxZ3A1eWFrdXFyYw==\">Joanna Coronado, CEO de Educando de Forma Simple<\/a><\/strong><\/em><\/p>\n","protected":false},"excerpt":{"rendered":"<p>\u00bfQu\u00e9 es la Educaci\u00f3n Respetuosa Creativa? La Educaci\u00f3n Respetuosa Creativa es el coraz\u00f3n de mi acompa\u00f1amiento y la esencia de todo lo que comparto con madres, padres y educadores. Este &hellip; <\/p>\n","protected":false},"author":1,"featured_media":0,"parent":0,"menu_order":0,"comment_status":"closed","ping_status":"closed","template":"","meta":{"_monsterinsights_skip_tracking":false,"_monsterinsights_sitenote_active":false,"_monsterinsights_sitenote_note":"","_monsterinsights_sitenote_category":0,"footnotes":""},"class_list":["post-906","page","type-page","status-publish","hentry"],"aioseo_notices":[],"_links":{"self":[{"href":"https:\/\/educandodeformasimple.com\/index.php?rest_route=\/wp\/v2\/pages\/906","targetHints":{"allow":["GET"]}}],"collection":[{"href":"https:\/\/educandodeformasimple.com\/index.php?rest_route=\/wp\/v2\/pages"}],"about":[{"href":"https:\/\/educandodeformasimple.com\/index.php?rest_route=\/wp\/v2\/types\/page"}],"author":[{"embeddable":true,"href":"https:\/\/educandodeformasimple.com\/index.php?rest_route=\/wp\/v2\/users\/1"}],"replies":[{"embeddable":true,"href":"https:\/\/educandodeformasimple.com\/index.php?rest_route=%2Fwp%2Fv2%2Fcomments&post=906"}],"version-history":[{"count":50,"href":"https:\/\/educandodeformasimple.com\/index.php?rest_route=\/wp\/v2\/pages\/906\/revisions"}],"predecessor-version":[{"id":2191,"href":"https:\/\/educandodeformasimple.com\/index.php?rest_route=\/wp\/v2\/pages\/906\/revisions\/2191"}],"wp:attachment":[{"href":"https:\/\/educandodeformasimple.com\/index.php?rest_route=%2Fwp%2Fv2%2Fmedia&parent=906"}],"curies":[{"name":"wp","href":"https:\/\/api.w.org\/{rel}","templated":true}]}}