{"id":861,"date":"2024-04-13T08:36:24","date_gmt":"2024-04-13T06:36:24","guid":{"rendered":"https:\/\/educandodeformasimple.com\/?page_id=861"},"modified":"2024-06-13T12:29:25","modified_gmt":"2024-06-13T10:29:25","slug":"paz-en-casa-estrategias-para-resolver-peleas-entre-hermanos","status":"publish","type":"page","link":"https:\/\/educandodeformasimple.com\/?page_id=861","title":{"rendered":"Paz en casa: Estrategias para resolver PELEAS ENTRE HERMANOS"},"content":{"rendered":"\n<p>Queridos padres y madres,<\/p>\n\n\n\n<p>Como ya sabes, las<a href=\"https:\/\/educandodeformasimple.com\/?p=604\"> <em>peleas entre tus hijos<\/em> <\/a>son una constante fuente de estr\u00e9s en tu vida familiar, es agotador. Estoy seguras de que te preguntas c\u00f3mo puedes cambiar esas situaciones y que la relacion entre tus hijos seas m\u00e1s agradable y disfrutar de un ambiente de paz en tu hogar. <\/p>\n\n\n\n<p class=\"has-black-color has-vivid-green-cyan-background-color has-text-color has-background has-link-color wp-elements-96b134e4e370e22ec6aea99d3b0be7c1\">\u00bfQu\u00e9 tal si te dijera que hay una manera de transformar esas peleas en conexiones m\u00e1s profundas y relaciones m\u00e1s s\u00f3lidas?<\/p>\n\n\n\n<p>Aqu\u00ed te presento esta FORMACI\u00d3N EXPR\u00c9S GRATUITA Online de 2 d\u00edas sobre \u00abPeleas entre Hermanos\u00bb. Durante este exclusivo evento, exploraremos estrategias efectivas para resolver y prevenir conflictos entre hermanos, fomentar la compresi\u00f3n y el respeto mutuo, y cultivar un ambiente familiar de cooperaci\u00f3n y apoyo. Como bien sabes, todo aquello que te comparta nace de la Educaci\u00f3n Respetosa Creativa y de mi metodolog\u00eda de <em><a href=\"https:\/\/educandodeformasimple.com\/?page_id=538\">Limites sin Limitaciones y los 4 TE<\/a><\/em><\/p>\n\n\n\n<p>Con esta gu\u00eda de dos d\u00edas, descubrir\u00e1s herramientas pr\u00e1cticas y consejos probados que puedes aplicar de inmediato en tu vida diaria.<\/p>\n\n\n\n<ol class=\"wp-block-list\">\n<li><strong>Aprendizaje Pr\u00e1ctico:<\/strong> Obtendr\u00e1s sugerencias concretas y ejercicios pr\u00e1cticos que te ayudar\u00e1n a resolver conflictos entre tus hijos de manera constructiva y pac\u00edfica.<\/li>\n\n\n\n<li><strong>Fortalecimiento de V\u00ednculos Familiares:<\/strong> Al fomentar la comprensi\u00f3n y el respeto mutuo entre tus hijos, promover\u00e1s relaciones m\u00e1s s\u00f3lidas y afectuosas que perdurar\u00e1n toda la vida.<\/li>\n\n\n\n<li><strong>Red de Apoyo:<\/strong> Conectar\u00e1s con otros padres y madres que enfrentan desaf\u00edos similares, creando as\u00ed una comunidad de apoyo donde puedas compartir experiencias, obtener consejos y sentirte acompa\u00f1ado en tu viaje de crianza.<\/li>\n\n\n\n<li><strong>Transformaci\u00f3n Personal:<\/strong> Experimentar\u00e1s un cambio positivo en la din\u00e1mica familiar y en tu propia forma de abordar los conflictos, lo que te permitir\u00e1 disfrutar de una convivencia m\u00e1s armoniosa y satisfactoria con tus hijos.<\/li>\n<\/ol>\n\n\n\n<h2 class=\"wp-block-heading\">\u00bfC\u00f3mo se realiza la Formaci\u00f3n Expr\u00e9s?<\/h2>\n\n\n\n<p class=\"has-white-color has-vivid-green-cyan-background-color has-text-color has-background has-link-color has-large-font-size wp-elements-19aac34c950ec580fc5a0da75e255399\">En breve anuncio pr\u00f3xima convocat\u00f3ria<\/p>\n\n\n\n<p>La formaci\u00f3n ser\u00e1 de f\u00e1cil acceso a trav\u00e9s del grupo de WSP. Cada d\u00eda vas a recibir un contenido en v\u00eddeo o audio (10 minutos) que podr\u00e1s ver a tu ritmo y cuando te sea posible. Podr\u00e1s utilizar el chat para exponer dudas y preguntas que te surjan, que ser\u00e1n respuestas en un directo.<\/p>\n\n\n\n<p>\u00a1As\u00ed de sencillo podr\u00e1s dar un paso m\u00e1s hacia la educaci\u00f3n creativa respetuosa!<\/p>\n\n\n<div class=\"wp-block-image\">\n<figure class=\"aligncenter size-large\"><img loading=\"lazy\" decoding=\"async\" width=\"1024\" height=\"1024\" src=\"https:\/\/educandodeformasimple.com\/wp-content\/uploads\/2024\/04\/Haz-click-en-esta-foto-para-acceder-al-reto-gratuito-1024x1024.png\" alt=\"\" class=\"wp-image-888\" srcset=\"https:\/\/educandodeformasimple.com\/wp-content\/uploads\/2024\/04\/Haz-click-en-esta-foto-para-acceder-al-reto-gratuito-1024x1024.png 1024w, https:\/\/educandodeformasimple.com\/wp-content\/uploads\/2024\/04\/Haz-click-en-esta-foto-para-acceder-al-reto-gratuito-300x300.png 300w, https:\/\/educandodeformasimple.com\/wp-content\/uploads\/2024\/04\/Haz-click-en-esta-foto-para-acceder-al-reto-gratuito-150x150.png 150w, https:\/\/educandodeformasimple.com\/wp-content\/uploads\/2024\/04\/Haz-click-en-esta-foto-para-acceder-al-reto-gratuito-768x768.png 768w, https:\/\/educandodeformasimple.com\/wp-content\/uploads\/2024\/04\/Haz-click-en-esta-foto-para-acceder-al-reto-gratuito-60x60.png 60w, https:\/\/educandodeformasimple.com\/wp-content\/uploads\/2024\/04\/Haz-click-en-esta-foto-para-acceder-al-reto-gratuito.png 1080w\" sizes=\"auto, (max-width: 1024px) 100vw, 1024px\" \/><\/figure>\n<\/div>","protected":false},"excerpt":{"rendered":"<p>Queridos padres y madres, Como ya sabes, las peleas entre tus hijos son una constante fuente de estr\u00e9s en tu vida familiar, es agotador. Estoy seguras de que te preguntas &hellip; <\/p>\n","protected":false},"author":1,"featured_media":859,"parent":0,"menu_order":0,"comment_status":"closed","ping_status":"closed","template":"","meta":{"_monsterinsights_skip_tracking":false,"_monsterinsights_sitenote_active":false,"_monsterinsights_sitenote_note":"","_monsterinsights_sitenote_category":0,"footnotes":""},"class_list":["post-861","page","type-page","status-publish","has-post-thumbnail","hentry"],"aioseo_notices":[],"_links":{"self":[{"href":"https:\/\/educandodeformasimple.com\/index.php?rest_route=\/wp\/v2\/pages\/861","targetHints":{"allow":["GET"]}}],"collection":[{"href":"https:\/\/educandodeformasimple.com\/index.php?rest_route=\/wp\/v2\/pages"}],"about":[{"href":"https:\/\/educandodeformasimple.com\/index.php?rest_route=\/wp\/v2\/types\/page"}],"author":[{"embeddable":true,"href":"https:\/\/educandodeformasimple.com\/index.php?rest_route=\/wp\/v2\/users\/1"}],"replies":[{"embeddable":true,"href":"https:\/\/educandodeformasimple.com\/index.php?rest_route=%2Fwp%2Fv2%2Fcomments&post=861"}],"version-history":[{"count":29,"href":"https:\/\/educandodeformasimple.com\/index.php?rest_route=\/wp\/v2\/pages\/861\/revisions"}],"predecessor-version":[{"id":1316,"href":"https:\/\/educandodeformasimple.com\/index.php?rest_route=\/wp\/v2\/pages\/861\/revisions\/1316"}],"wp:featuredmedia":[{"embeddable":true,"href":"https:\/\/educandodeformasimple.com\/index.php?rest_route=\/wp\/v2\/media\/859"}],"wp:attachment":[{"href":"https:\/\/educandodeformasimple.com\/index.php?rest_route=%2Fwp%2Fv2%2Fmedia&parent=861"}],"curies":[{"name":"wp","href":"https:\/\/api.w.org\/{rel}","templated":true}]}}